he tens digit of r(-4)?
9
Suppose -4*a = i + 4*i + 126, -2*a = -4*i - 80. Let k = i + 9. Let z = -6 - k. What is the units digit of z?
7
Suppose 45 = -4*s + s. Let a be (s/(-4))/(7/(-28)). What is the units digit of 4/14 + a/(-21)?
1
Let k be 0*(-1 - -2)/(-2). Let t(f) = -f**2 + 6. Let y(r) = -r + 2. Let x(b) = t(b) - y(b). What is the units digit of x(k)?
4
Let y(d) be the second derivative of -d**5/20 - d**4/4 + d**3/2 + d**2/2 + 4*d. What is the units digit of y(-4)?
5
What is the hundreds digit of (((-6)/(-9))/2)/(2/4038)?
6
Suppose 2*i - 2708 = 1062. What is the tens digit of i?
8
Let n be (-35)/21*(-2 + -1). Suppose -n*u + 108 = -u. What is the units digit of u?
7
Suppose 6*m = -0*m. Suppose 231 = 5*c - 99. Suppose 3*o - o - c = m. What is the tens digit of o?
3
Let y(i) = -i**2 + 12*i - 5. Let a be y(8). Let w = a - 25. What is the units digit of w?
2
Suppose -26*c + 6266 = -62296. What is the hundreds digit of c?
6
Suppose -4*i + 33 = 97. Let y = 91 + i. Suppose 2*u = 2*n + 3*u - y, 4*n + 4*u = 148. What is the units digit of n?
8
Let g(l) = l + 3. Let f be g(3). Let b(r) = 5*r**2 - 2*r - 2. Let z(q) = -4*q**2 + q + 3. Let o(c) = -3*b(c) - 4*z(c). What is the units digit of o(f)?
2
Let n be 18/((-1)/(-1 - 0)). Suppose -4*k + 5*d = -379, 12 = 4*d - 8. What is the tens digit of k/9 - 4/n?
1
What is the units digit of (39 + -9 + 1)*(2 - -19)?
1
Suppose -22 = -2*m - 6. Let s(r) = r**2 - 7*r + 4. Let w be s(7). Let n = m + w. What is the units digit of n?
2
Let g be ((-42)/4)/((-9 + 4)/200). Suppose -4*n = -2*c - g, 0 = 4*n + 3*c + c - 420. What is the tens digit of n?
0
Let s(f) = -f**2 + 2*f + 3. Let l be s(0). Suppose 4*a - 16 = -3*z, -l*z = -a + 2*a - 22. What is the units digit of z?
8
Suppose 0 = -4*q - 3*j + 27, 3*j - 24 = -3*q - 0*j. Suppose -5*w + q*l + 85 = 0, l = 2*w - 4*w + 45. What is the units digit of w?
0
Suppose 8*h = 7308 + 9396. What is the thousands digit of h?
2
Let o be (-21)/(-6) + (-3)/(-6). Suppose 3*t - 4*t = -o. Suppose -t*v = -126 + 14. What is the tens digit of v?
2
Let r(p) = 7*p - 8*p - 8*p - 7 - 5. What is the units digit of r(-6)?
2
Suppose -f - 975 = -4*m, 15*f + 969 = 4*m + 16*f. What is the hundreds digit of m?
2
Suppose -c = -0*c - 5*m + 2, -3*c + 3*m = -18. Suppose 0*s + c = s. Suppose u - s = 13. What is the tens digit of u?
2
Suppose -3*w = 5*x - 2, -x + 1 - 2 = 2*w. Let s be (-4 - -2)*(x + -2). Suppose 9 = s*y + y, -y = 5*n - 38. What is the units digit of n?
7
Let h = 1995 - 1180. What is the tens digit of h?
1
Let z be (-2)/12 + -2*76/(-48). What is the units digit of -432*(z/6*-3 + 1)?
6
Let h = -167 + 289. Suppose 2*a = 5*x + h, 31 = a + x - 16. What is the units digit of a?
1
Let d be 0 + (-3)/((-27)/6)*204. Suppose -4*b - 4*t = -172, -t - 3*t = -3*b + d. What is the units digit of b?
4
Let n(i) = 4*i + 10. Let t be n(-2). Suppose 5*r = 2*d + d + 78, -4*d - t = -r. What is the units digit of r?
8
Let l(q) = 4*q**3 - 12*q**2 - 12*q + 26. What is the tens digit of l(6)?
8
Let l = 46 + -41. Let d = 35 - l. What is the units digit of d?
0
What is the hundreds digit of ((-2)/4 - 0)*(-789 + 1)?
3
Suppose -5*x = 3*a + 10, -4*a + 0*x = -x - 2. Let l be 3 + 0 - 0/6. Suppose a = -l*z - 21 + 66. What is the units digit of z?
5
Let o be ((-13)/(-2) + -6)/(-1)*12. Let z(j) = -17*j**3 - j - 1. Let b be z(-1). Let u = b + o. What is the units digit of u?
1
Let m = 294 - -3072. What is the thousands digit of m?
3
Suppose -s + 93 = 8*l - 13*l, s = 4*l + 93. What is the tens digit of s?
9
Let f(k) = -4*k - 3. Let s be f(-2). Suppose -s*v - 4*p + 60 = -28, 14 = v - p. What is the tens digit of v?
1
Suppose 2752 = g + 238. Suppose g = 16*i + 706. What is the hundreds digit of i?
1
What is the thousands digit of (-4)/(-40) - 278443/(-170)?
1
Suppose 3 = 6*z - 3*z. Let f be (z/2)/(5/(-60)). What is the tens digit of 308/12 - 2/f?
2
What is the tens digit of 56/28*(11145/6 + -2)?
1
Let q = 626 + -620. Let h(d) = -6*d**2 + 10*d - 5. Let w(a) = -3*a**2 + 5*a - 3. Let z(l) = 3*h(l) - 7*w(l). What is the units digit of z(q)?
4
Let r(t) = -t**2 + 6*t. Let h be r(0). Suppose h = -0*u + 3*u, -73 = -c + 3*u. What is the tens digit of c?
7
Let o be 11 - ((1 - -3) + 1). What is the units digit of o/4*(102/18 - 3)?
4
Suppose -4*h - 5*z + 9909 = 0, 10429 - 2997 = 3*h + 4*z. What is the thousands digit of h?
2
Let x(q) = 8*q**2 - 72*q - 5. Let v be x(10). Suppose -3*w = -76 - 59. Let d = v - w. What is the units digit of d?
0
Suppose -45*i = -47*i + 3400. What is the thousands digit of i?
1
Let h(g) = -g + 10. Let f be h(7). Suppose 6*o = f*o + 234. Suppose 20 = 6*s - 2*s, o = 4*b - 2*s. What is the units digit of b?
2
Suppose 0 = -68*u + 62*u + 1350. What is the hundreds digit of u?
2
Let d = -89 + 89. Suppose 5*m + r - 1 = 0, d = 7*m - 2*m - 3*r - 17. What is the units digit of m?
1
What is the tens digit of -2 + (-16)/(-9) - (-9186)/27?
4
Let p = -9 + 14. Suppose -175 = p*q - 0*q. What is the units digit of (-469)/q + 4/(-10)?
3
Let r(s) = 5 - 6 + s + 9 + 0. What is the units digit of r(-3)?
5
Suppose -93 = -6*g + 5*g. Let o = -34 + g. Suppose -3*u + o - 11 = 0. What is the tens digit of u?
1
Suppose w + 976 = -i + 3*i, 3*w = 2*i - 972. What is the units digit of i?
9
Suppose 3*j = -g + 8*j + 1485, 0 = -3*g - 2*j + 4404. What is the tens digit of g?
7
Let x be (7 + -5)/(2/3). Suppose 154 = 3*n - 4*b, -4*n + 253 = n - x*b. Suppose 7*h - n = 2*h. What is the units digit of h?
0
Let y be 4/12 - 248/(-12). Let v be 12/y*(7 + 0). Suppose 0 = 4*c - 140 + v. What is the tens digit of c?
3
Let y(f) = -133*f + 219. What is the units digit of y(-25)?
4
Suppose -3*y - 8 = y, 5*y - 542 = 2*t. Let a = 551 + t. Suppose -25 = 5*d - a. What is the units digit of d?
0
Let y(s) = -s**2 + 11*s + 18. Let f be y(11). Suppose 0 = 23*k - f*k - 950. What is the tens digit of k?
9
Suppose -5*v + 7*v - 1404 = 5*x, -4*v + 2790 = -x. What is the units digit of v?
7
Suppose -3*l = -h - 428, 3*l - 713 = -2*l + 2*h. What is the tens digit of l?
4
Suppose -4*v + 5 = -7, -4*g - 4*v + 2540 = 0. Suppose 0 = 9*t - 5*t - g. What is the hundreds digit of t?
1
Suppose 4*r = -3*n - r + 201, 4*r = -4*n + 268. Suppose -g = 5*i - 164, -i - g + 34 = -2*g. Let c = n - i. What is the units digit of c?
4
Suppose 20*i = -12*i + 31040. What is the units digit of i?
0
Suppose 3*n = -4*b + 1 + 6, -5*n = -5. What is the tens digit of 0 - -2 - (b - 227)?
2
Suppose -5*y = -0*v - 5*v - 7280, 5*v + 4366 = 3*y. What is the units digit of y?
7
Let v = 16 + -7. Let f be (15/(-18))/(14/(-12) - -1). Suppose 0 = f*i - v*i + 48. What is the tens digit of i?
1
Suppose 303 = -7*m + 2690. Let j = -233 + m. What is the hundreds digit of j?
1
What is the units digit of -2 - 9198/(-7) - 1*-3?
5
Suppose -18*f + 26*f - 32 = 0. Suppose 2*j = f*a - 1206, 4*a + 2*j - 1298 = -112. What is the hundreds digit of a?
2
Let d = -55 + -39. Let l = d - -259. What is the tens digit of l?
6
Suppose 0*u + 1244 = 4*u. What is the hundreds digit of u?
3
Let a be 21/14*(-4)/6. What is the tens digit of 16 - 18 - (-34 + a)?
3
What is the hundreds digit of (-8)/((-12)/21 + 3312/5992)?
4
Let p(g) = -g**3 - 7*g**2 - 6*g + 5. Let i be p(-5). Let u = i + 0. Let t = u + 45. What is the units digit of t?
0
Let l(p) = -p**2 + 6*p - 4. Let z be l(2). What is the units digit of z/(-14) + (-845)/(-91)?
9
Suppose -3*m = 3*m - 36. What is the hundreds digit of (15/5)/m*326?
1
Let b(l) = 43*l + 526. What is the units digit of b(30)?
6
Let y = -34 - -38. What is the tens digit of (-3 - 12)*((-96)/9)/y?
4
Let s(k) = k**3 - 13*k**2 + 12*k - 4. Let u be s(12). Let n(v) = -v**3 - 2*v**2 + v + 2. What is the tens digit of n(u)?
3
Let b(h) = h**2 - 7*h - 3. Let c be b(8). Suppose 4 = -c*z + 14. Suppose -w = z*w - 90. What is the units digit of w?
0
Suppose 4 = 3*a + 3*y + 1, -y = -4*a + 14. Let x = 286 - a. What is the tens digit of x?
8
Suppose -6*b + 5442 + 1332 = 0. What is the hundreds digit of b?
1
Let k(s) = 3*s**3 - 13*s**2 + 6*s + 18. What is the tens digit of k(7)?
5
Suppose -m + 1349 = 5*x + 302, -x + 3085 = 3*m. What is the hundreds digit of m?
0
Let z be (-216)/(-27) + 0 + (-2)/1. What is the tens digit of z/21 + 1924/28 + 1?
7
Suppose 20 = -4*p, -5*l = -2*p - 0*p + 35. What is the units digit of 6/l*((-86)/4 - 4)?
7
L